{"id":24741,"date":"2017-08-15T07:34:14","date_gmt":"2017-08-15T05:34:14","guid":{"rendered":"http:\/\/pft.erstelle-webseiten.ch\/?page_id=24741"},"modified":"2020-07-07T12:02:04","modified_gmt":"2020-07-07T12:02:04","slug":"kontakt","status":"publish","type":"page","link":"https:\/\/profairtrade.ch\/888\/kontakt\/","title":{"rendered":"Kontakt"},"content":{"rendered":"<p>[et_pb_section bb_built=&#8220;1&#8243; background_color=&#8220;rgba(255,255,255,0.7)&#8220; _builder_version=&#8220;3.0.63&#8243; background_image=&#8220;https:\/\/res.cloudinary.com\/www-profairtrade-ch\/image\/upload\/c_scale,q_auto:good,w_1745\/v1505368973\/Hintergrund-Kontakt-ProFaitTrade_ojqy8z.jpg&#8220; parallax=&#8220;on&#8220; parallax_method=&#8220;off&#8220;][et_pb_row custom_padding=&#8220;||0px|&#8220; background_color=&#8220;#ffffff&#8220; padding_bottom_1=&#8220;0px&#8220; background_position_1=&#8220;top_left&#8220; background_repeat_1=&#8220;no-repeat&#8220; _builder_version=&#8220;3.0.63&#8243;][et_pb_column type=&#8220;4_4&#8243;][et_pb_divider _builder_version=&#8220;3.0.63&#8243; \/][et_pb_text _builder_version=&#8220;3.0.63&#8243; background_color=&#8220;rgba(255,255,255,0.7)&#8220; custom_padding=&#8220;||0px|&#8220; background_layout=&#8220;light&#8220; text_orientation=&#8220;left&#8220; border_style=&#8220;solid&#8220;]<\/p>\n<h2 style=\"text-align: center;\"><strong>Sie m\u00f6chten uns kontaktieren?<\/strong><\/h2>\n<h2 style=\"text-align: center;\"><strong>Schreiben Sie uns oder rufen Sie uns an.<\/strong><\/h2>\n<p>[\/et_pb_text][et_pb_divider _builder_version=&#8220;3.0.63&#8243; \/][\/et_pb_column][\/et_pb_row][et_pb_row background_position_1=&#8220;top_left&#8220; background_repeat_1=&#8220;no-repeat&#8220; _builder_version=&#8220;3.0.63&#8243;][et_pb_column type=&#8220;4_4&#8243;][et_pb_divider _builder_version=&#8220;3.0.63&#8243; \/][\/et_pb_column][\/et_pb_row][et_pb_row custom_padding=&#8220;|20px||20px&#8220; background_color=&#8220;rgba(255,255,255,0.9)&#8220; padding_right_1=&#8220;20px&#8220; padding_left_1=&#8220;20px&#8220; background_position_1=&#8220;top_left&#8220; background_repeat_1=&#8220;no-repeat&#8220; _builder_version=&#8220;3.0.63&#8243;][et_pb_column type=&#8220;4_4&#8243;][et_pb_contact_form admin_label=&#8220;Contact Form&#8220; email=&#8220;info@profairtrade.ch, idiscover.ch@gmail.com&#8220; title=&#8220;\u2002Kontakt&#8220; custom_message=&#8220;Name: %%Name%%||et_pb_line_break_holder||E-Mail: %%Email%%||et_pb_line_break_holder||Nachricht: %%Message%%&#8220; form_background_color=&#8220;rgba(255,255,255,0.72)&#8220; input_border_radius=&#8220;10&#8243; module_id=&#8220;et_pb_contact_form_1&#8243; _builder_version=&#8220;3.0.63&#8243; title_text_color=&#8220;#000000&#8243; form_field_text_color=&#8220;#000000&#8243; form_field_line_height=&#8220;1.5em&#8220; use_border_color=&#8220;on&#8220; border_color=&#8220;rgba(0,0,0,0.2)&#8220; captcha=&#8220;off&#8220; use_redirect=&#8220;off&#8220; border_style=&#8220;solid&#8220; custom_button=&#8220;off&#8220; button_letter_spacing=&#8220;0&#8243; button_icon_placement=&#8220;right&#8220; button_letter_spacing_hover=&#8220;0&#8243; disabled=&#8220;off&#8220; disabled_on=&#8220;off||&#8220; form_field_font_size=&#8220;13&#8243;]<\/p>\n<p>[et_pb_contact_field field_id=&#8220;Name&#8220; field_title=&#8220;Name&#8220; input_border_radius=&#8220;5&#8243; _builder_version=&#8220;3.0.47&#8243; form_field_font=&#8220;||||&#8220; form_field_font_size_tablet=&#8220;12&#8243; form_field_font_size_phone=&#8220;10&#8243; form_field_font_size_last_edited=&#8220;on|desktop&#8220; form_field_letter_spacing=&#8220;4px&#8220; form_field_letter_spacing_tablet=&#8220;4px&#8220; form_field_letter_spacing_phone=&#8220;4px&#8220; form_field_line_height_tablet=&#8220;1.5em&#8220; form_field_line_height_phone=&#8220;1.5em&#8220; use_border_color=&#8220;off&#8220;][\/et_pb_contact_field][et_pb_contact_field field_id=&#8220;Email&#8220; field_title=&#8220;E-Mail-Adresse&#8220; field_type=&#8220;email&#8220; _builder_version=&#8220;3.0.47&#8243; form_field_font=&#8220;||||&#8220; form_field_font_size_tablet=&#8220;12&#8243; form_field_font_size_phone=&#8220;10&#8243; form_field_font_size_last_edited=&#8220;on|phone&#8220; form_field_line_height_tablet=&#8220;1.5em&#8220; form_field_line_height_phone=&#8220;1.5em&#8220; use_border_color=&#8220;off&#8220;][\/et_pb_contact_field][et_pb_contact_field field_id=&#8220;Message&#8220; field_title=&#8220;Nachricht&#8220; field_type=&#8220;text&#8220; fullwidth_field=&#8220;on&#8220; _builder_version=&#8220;3.0.47&#8243; form_field_font=&#8220;||||&#8220; form_field_font_size_tablet=&#8220;12&#8243; form_field_font_size_phone=&#8220;10&#8243; form_field_font_size_last_edited=&#8220;on|phone&#8220; form_field_line_height_tablet=&#8220;1.5em&#8220; form_field_line_height_phone=&#8220;1.5em&#8220; use_border_color=&#8220;off&#8220;][\/et_pb_contact_field]<\/p>\n<p>[\/et_pb_contact_form][\/et_pb_column][\/et_pb_row][et_pb_row background_position_1=&#8220;top_left&#8220; background_repeat_1=&#8220;no-repeat&#8220; _builder_version=&#8220;3.0.63&#8243;][et_pb_column type=&#8220;4_4&#8243;][et_pb_divider _builder_version=&#8220;3.0.63&#8243; \/][\/et_pb_column][\/et_pb_row][et_pb_row custom_padding=&#8220;|||25px&#8220; background_color=&#8220;rgba(255,253,239,0.7)&#8220; padding_right_2=&#8220;20px&#8220; padding_bottom_2=&#8220;20px&#8220; background_position_1=&#8220;top_left&#8220; background_position_2=&#8220;top_left&#8220; background_repeat_1=&#8220;no-repeat&#8220; background_repeat_2=&#8220;no-repeat&#8220; _builder_version=&#8220;3.0.63&#8243;][et_pb_column type=&#8220;1_2&#8243;][et_pb_map address=&#8220;Lettenstrasse 7, 6343 Rotkreuz ZG, Schweiz&#8220; zoom_level=&#8220;13&#8243; address_lat=&#8220;47.1467671&#8243; address_lng=&#8220;8.431819399999995&#8243; _builder_version=&#8220;3.0.63&#8243; mouse_wheel=&#8220;on&#8220; mobile_dragging=&#8220;on&#8220; use_grayscale_filter=&#8220;off&#8220; grayscale_filter_amount=&#8220;0&#8243;]<\/p>\n<p>[et_pb_map_pin title=&#8220;Pro Fair Trade Ag&#8220; pin_address=&#8220;Lettenstrasse, 6343 Risch-Rotkreuz, Schweiz&#8220; pin_address_lat=&#8220;47.1474149&#8243; pin_address_lng=&#8220;8.431422099999963&#8243; _builder_version=&#8220;3.0.47&#8243;][\/et_pb_map_pin]<\/p>\n<p>[\/et_pb_map][\/et_pb_column][et_pb_column type=&#8220;1_2&#8243;][et_pb_text _builder_version=&#8220;3.0.63&#8243; text_font_size_tablet=&#8220;12&#8243; text_font_size_last_edited=&#8220;on|phone&#8220; text_text_color=&#8220;#0a0a0a&#8220; text_line_height=&#8220;1.5em&#8220; background_size=&#8220;initial&#8220; background_position=&#8220;top_left&#8220; background_repeat=&#8220;repeat&#8220; custom_padding=&#8220;|||25px&#8220; background_layout=&#8220;light&#8220; text_orientation=&#8220;left&#8220; border_style=&#8220;solid&#8220;]<\/p>\n<h2><strong>Team<\/strong><\/h2>\n<p><strong>Petra Wree<\/strong> Gesch\u00e4ftsf\u00fchrerin<br \/>\nTelefon Mobile +41 79 231 15 56<br \/>\n<strong>Nadja Buch<\/strong> Mitarbeiterin Administration<br \/>\nTelefon Mobile +41 79 239 95 57<\/p>\n<h2><strong>Adresse<\/strong><\/h2>\n<p><strong>Pro Fair Trade AG<\/strong><br \/>\nLettenstrasse 7<br \/>\nCH-6343 Rotkreuz<br \/>\nTel. +41 41 799 50 70<\/p>\n<p>[\/et_pb_text][\/et_pb_column][\/et_pb_row][et_pb_row background_position_1=&#8220;top_left&#8220; background_repeat_1=&#8220;no-repeat&#8220; _builder_version=&#8220;3.0.63&#8243;][et_pb_column type=&#8220;4_4&#8243;][et_pb_divider _builder_version=&#8220;3.0.63&#8243; \/][\/et_pb_column][\/et_pb_row][\/et_pb_section]<\/p>\n","protected":false},"excerpt":{"rendered":"<p>Sie m\u00f6chten uns kontaktieren? Schreiben Sie uns oder rufen Sie uns an. Team Petra Wree Gesch\u00e4ftsf\u00fchrerin Telefon Mobile +41 79 231 15 56 Nadja Buch Mitarbeiterin Administration Telefon Mobile +41 79 239 95 57 Adresse Pro Fair Trade AG Lettenstrasse 7 CH-6343 Rotkreuz Tel. +41 41 799 50 70<\/p>\n","protected":false},"author":1,"featured_media":0,"parent":0,"menu_order":0,"comment_status":"closed","ping_status":"closed","template":"","meta":{"_et_pb_use_builder":"on","_et_pb_old_content":"","_et_gb_content_width":"","_cloudinary_featured_overwrite":false,"footnotes":""},"class_list":["post-24741","page","type-page","status-publish","hentry"],"_links":{"self":[{"href":"https:\/\/profairtrade.ch\/888\/wp-json\/wp\/v2\/pages\/24741","targetHints":{"allow":["GET"]}}],"collection":[{"href":"https:\/\/profairtrade.ch\/888\/wp-json\/wp\/v2\/pages"}],"about":[{"href":"https:\/\/profairtrade.ch\/888\/wp-json\/wp\/v2\/types\/page"}],"author":[{"embeddable":true,"href":"https:\/\/profairtrade.ch\/888\/wp-json\/wp\/v2\/users\/1"}],"replies":[{"embeddable":true,"href":"https:\/\/profairtrade.ch\/888\/wp-json\/wp\/v2\/comments?post=24741"}],"version-history":[{"count":6,"href":"https:\/\/profairtrade.ch\/888\/wp-json\/wp\/v2\/pages\/24741\/revisions"}],"predecessor-version":[{"id":26519,"href":"https:\/\/profairtrade.ch\/888\/wp-json\/wp\/v2\/pages\/24741\/revisions\/26519"}],"wp:attachment":[{"href":"https:\/\/profairtrade.ch\/888\/wp-json\/wp\/v2\/media?parent=24741"}],"curies":[{"name":"wp","href":"https:\/\/api.w.org\/{rel}","templated":true}]}}