{"id":26845,"date":"2023-02-06T14:18:55","date_gmt":"2023-02-06T14:18:55","guid":{"rendered":"https:\/\/profairtrade.ch\/888\/?page_id=26845"},"modified":"2023-02-09T10:09:06","modified_gmt":"2023-02-09T10:09:06","slug":"education-patron","status":"publish","type":"page","link":"https:\/\/profairtrade.ch\/888\/uebergabe-des-rspo-ip-zertifikats\/education-patron\/","title":{"rendered":"F\u00f6rderung der Kinder in Bolo"},"content":{"rendered":"<p>[et_pb_section bb_built=&#8220;1&#8243; _builder_version=&#8220;3.0.47&#8243;][et_pb_row _builder_version=&#8220;3.0.47&#8243; background_size=&#8220;initial&#8220; background_position=&#8220;top_left&#8220; background_repeat=&#8220;repeat&#8220;][et_pb_column type=&#8220;2_3&#8243;][et_pb_image _builder_version=&#8220;3.0.63&#8243; src=&#8220;https:\/\/profairtrade.ch\/888\/wp-content\/uploads\/2023\/02\/PhotoCollageKids-jpg.jpg&#8220; show_in_lightbox=&#8220;off&#8220; url_new_window=&#8220;off&#8220; use_overlay=&#8220;off&#8220; sticky=&#8220;off&#8220; align=&#8220;left&#8220; always_center_on_mobile=&#8220;on&#8220; border_style=&#8220;solid&#8220; force_fullwidth=&#8220;off&#8220; \/][et_pb_video _builder_version=&#8220;3.0.63&#8243; src=&#8220;https:\/\/youtu.be\/Ci6Vx5B91N0&#8243; \/][et_pb_text _builder_version=&#8220;3.0.63&#8243; background_layout=&#8220;light&#8220; text_orientation=&#8220;left&#8220; border_style=&#8220;solid&#8220;]<\/p>\n<p>Pr\u00e4sentationen des Managements, Beh\u00f6rden und vom Sponsor der Kinder, Verwaltungsratspr\u00e4sident der Pro Fair Trade AG, Peter M. Bachmann.<br \/>\n\u00dcbergabe der &#8222;Kits scolaires&#8220; (Schul-Rucksack, Schreibmaterial etc.)<\/p>\n<p>[\/et_pb_text][et_pb_image _builder_version=&#8220;3.0.63&#8243; src=&#8220;https:\/\/profairtrade.ch\/888\/wp-content\/uploads\/2023\/02\/58ECCFF6-E50D-45A3-B0D8-7458D116464A_1_105_c.jpeg&#8220; show_in_lightbox=&#8220;off&#8220; url_new_window=&#8220;off&#8220; use_overlay=&#8220;off&#8220; sticky=&#8220;off&#8220; align=&#8220;left&#8220; always_center_on_mobile=&#8220;on&#8220; border_style=&#8220;solid&#8220; force_fullwidth=&#8220;off&#8220; \/][et_pb_text _builder_version=&#8220;3.0.63&#8243; background_layout=&#8220;light&#8220; text_orientation=&#8220;left&#8220; border_style=&#8220;solid&#8220;]<\/p>\n<p>The SWISS &#8222;Dream Team&#8220; Pro Fair Trade Delegation und lokaler Partner earthworm Foundation<\/p>\n<p>[\/et_pb_text][\/et_pb_column][et_pb_column type=&#8220;1_3&#8243;][et_pb_text _builder_version=&#8220;3.0.63&#8243;]<\/p>\n<p>Die Pro Fair Trade AG investiert in die Bildung tausender Grundschulkinder von \u00d6lpalmenbauern und Mitarbeitern von SIPEF-CI und garantiert ihnen eine nachhaltige Zukunft.<\/p>\n<p>SIPEF-CI orientiert sich seit vielen Jahren an einer nachhaltigen Palm\u00f6lproduktion. Seit April 2018 ist SIPEF-CI das gr\u00f6\u00dfte westafrikanische Unternehmen, das RSPO-zertifiziertes rohes Palm\u00f6l \u2013 IP (Identity Preserved) \u2013 herstellt. Dank dieser gro\u00dfen Initiative werden allen Mitarbeitern optimale Arbeitsbedingungen, ein friedliches soziales Umfeld, medizinische, kulturelle und schulische Infrastruktur f\u00fcr ihre Kinder garantiert. Die umliegenden Gemeinden sind mit sozialen und kulturellen Aktionen verbunden. Sie werden von SIPEF-CI unterst\u00fctzt. Sie haben sich in Sport-, Kultur-, Bildungs- und Religionsverb\u00e4nden organisiert, um ihnen einen st\u00e4ndigen Kontakt mit SIPEF-CI zu erm\u00f6glichen und ihnen zuzuh\u00f6ren.<\/p>\n<p>Abgesehen davon, dass SIPEFCI eine gro\u00dfe Struktur ist, die in verschiedenen Regionen der C\u00f4te d&#8217;Ivoire gegr\u00fcndet wurde, ist es vor allem eine Familie. Viele Mitarbeiter und Partner nehmen die Fackel der \u00c4lteren auf, um die Zukunftsf\u00e4higkeit des Unternehmens zu erhalten.<\/p>\n<p>[\/et_pb_text][\/et_pb_column][\/et_pb_row][\/et_pb_section]<\/p>\n","protected":false},"excerpt":{"rendered":"<p>Pr\u00e4sentationen des Managements, Beh\u00f6rden und vom Sponsor der Kinder, Verwaltungsratspr\u00e4sident der Pro Fair Trade AG, Peter M. Bachmann. \u00dcbergabe der &#8222;Kits scolaires&#8220; (Schul-Rucksack, Schreibmaterial etc.) The SWISS &#8222;Dream Team&#8220; Pro Fair Trade Delegation und lokaler Partner earthworm Foundation Die Pro Fair Trade AG investiert in die Bildung tausender Grundschulkinder von \u00d6lpalmenbauern und Mitarbeitern von SIPEF-CI [&hellip;]<\/p>\n","protected":false},"author":2,"featured_media":0,"parent":26585,"menu_order":0,"comment_status":"closed","ping_status":"closed","template":"","meta":{"_et_pb_use_builder":"on","_et_pb_old_content":"<p>[et_pb_section bb_built=\"1\"][et_pb_row][et_pb_column type=\"4_4\"][et_pb_text _builder_version=\"3.0.63\"]<\/p><p>Pro Fair Trade AG invest in the education of thousands of primary school children of oil palm farmers and employees of SIPEF-CI and guarantees them a sustainable future.<\/p><p>For many years, SIPEF-CI has been oriented towards sustainable palm oil production. Since April 2018, SIPEF-CI is the largest West African company producing RSPO-certified crude palm oil \u2013 IP (Identity Preserved). Thanks to this major initiative, all of its staff are guaranteed to have optimum working conditions, a peaceful social environment, medical, cultural and educational infrastructure for their children. The surrounding communities are associated with social and cultural actions. They receive support from SIPEF-CI. They have organized themselves into sports, cultural, educational, and religious associations, so as to allow them to be in permanent contact with SIPEF-CI and listened to.<\/p><p style=\"font-weight: 400;\">Beyond the fact that SIPEFCI is a large structure established in different regions of C\u00f4te d'Ivoire, it is above all a family. Many employees and partners take up the torch of their elders to maintain the sustainability of the company.<\/p><p>[\/et_pb_text][\/et_pb_column][\/et_pb_row][et_pb_row][\/et_pb_row][\/et_pb_section]<\/p>","_et_gb_content_width":"","_cloudinary_featured_overwrite":false,"footnotes":""},"class_list":["post-26845","page","type-page","status-publish","hentry"],"_links":{"self":[{"href":"https:\/\/profairtrade.ch\/888\/wp-json\/wp\/v2\/pages\/26845","targetHints":{"allow":["GET"]}}],"collection":[{"href":"https:\/\/profairtrade.ch\/888\/wp-json\/wp\/v2\/pages"}],"about":[{"href":"https:\/\/profairtrade.ch\/888\/wp-json\/wp\/v2\/types\/page"}],"author":[{"embeddable":true,"href":"https:\/\/profairtrade.ch\/888\/wp-json\/wp\/v2\/users\/2"}],"replies":[{"embeddable":true,"href":"https:\/\/profairtrade.ch\/888\/wp-json\/wp\/v2\/comments?post=26845"}],"version-history":[{"count":15,"href":"https:\/\/profairtrade.ch\/888\/wp-json\/wp\/v2\/pages\/26845\/revisions"}],"predecessor-version":[{"id":26905,"href":"https:\/\/profairtrade.ch\/888\/wp-json\/wp\/v2\/pages\/26845\/revisions\/26905"}],"up":[{"embeddable":true,"href":"https:\/\/profairtrade.ch\/888\/wp-json\/wp\/v2\/pages\/26585"}],"wp:attachment":[{"href":"https:\/\/profairtrade.ch\/888\/wp-json\/wp\/v2\/media?parent=26845"}],"curies":[{"name":"wp","href":"https:\/\/api.w.org\/{rel}","templated":true}]}}